3
Let l(c) = -3*c + 29. What is l(-10)?
59
Let g(u) = -u**3 + 14*u**2 - 25*u + 11. Calculate g(12).
-1
Let d(w) = -3*w**2 + 11*w + 17. Determine d(6).
-25
Let a(d) = 3*d - 10. What is a(5)?
5
Let x(p) = 4*p**2 + 4*p. Give x(4).
80
Let g(b) = b**3 - 6*b**2 + 4*b - 12. Determine g(5).
-17
Let y(l) = 2*l - 4. Calculate y(-10).
-24
Let r(k) = -k**3 - 13*k**2 + 15*k + 8. Determine r(-14).
-6
Let j(v) = -v**3 - 23*v**2 - 4*v - 43. Give j(-23).
49
Let c(g) = 4*g - 19. What is c(10)?
21
Let n(l) = l**3 - 12*l**2 + 39*l. What is n(6)?
18
Let r(z) = 20*z + 4. Calculate r(-4).
-76
Let c(i) = i**3 - i - 10. Give c(0).
-10
Let h(i) = i - 33. Calculate h(6).
-27
Let j(i) = -5*i - 26. Calculate j(11).
-81
Let w(g) = -g**3 + 2*g**2 + 20*g - 41. Calculate w(4).
7
Let y(m) = -2*m**3 - m**2 - 2*m. Calculate y(-2).
16
Let b(r) = 9*r + 53. What is b(19)?
224
Let r(x) = -x**2 + 36*x - 239. What is r(8)?
-15
Let q(r) = 18*r - 5. What is q(2)?
31
Let d(j) = -7*j**3 - 2*j**2 + 1. What is d(-1)?
6
Let k(a) = -2*a**2 + 14*a - 21. Determine k(5).
-1
Let r(m) = 77*m + 87. Determine r(-1).
10
Let q(x) = -7*x - 41. Calculate q(-9).
22
Let o(j) = -j**2 - 44*j - 91. What is o(-42)?
-7
Let y(o) = -o**3 + 7*o**2 - 4*o + 4. What is y(7)?
-24
Let j(o) = o**2 - o + 4. Determine j(-4).
24
Let g(p) = 19*p - 293. Give g(17).
30
Let j(p) = -p**2 + 6*p + 21. What is j(0)?
21
Let k(d) = d**3 - 4*d**2 - 14*d - 13. Calculate k(6).
-25
Let c(s) = s**2 + 2*s - 6. Give c(-6).
18
Let u(i) = i**2 - 2*i - 3. Calculate u(5).
12
Let r(f) = -3*f**2 + 2*f + 10. Determine r(-6).
-110
Let t(d) = 7*d - 170. What is t(23)?
-9
Let l(k) = -k**3 + 13*k**2 + 29*k + 22. Give l(15).
7
Let h(c) = -c - 4. Determine h(-4).
0
Let w(f) = 3*f**2 - 2*f - 19. Give w(-5).
66
Let y(z) = z**2 + 7*z + 6. Determine y(-5).
-4
Let o(z) = z + 17. What is o(-22)?
-5
Let l(u) = -2*u**2 - 36*u - 114. Determine l(-14).
-2
Let p(b) = 8*b + 146. What is p(-19)?
-6
Let c(w) = -6*w**2 - 27*w + 12. What is c(-5)?
-3
Let q(p) = -6*p - 77. What is q(-7)?
-35
Let g(m) = m**3 - 11*m**2 - 3*m - 3. What is g(11)?
-36
Let v(c) = -c**2 + 32*c - 90. Give v(29).
-3
Let m(h) = 3*h - 7. What is m(8)?
17
Let h(l) = -4*l - 5. Determine h(6).
-29
Let g(x) = -x**3 + 14*x**2 + 16*x - 4. Calculate g(15).
11
Let l(o) = -18*o**2. Determine l(1).
-18
Let g(o) = o**3 - o**2 - o - 10. What is g(0)?
-10
Let n(v) = -39*v + 1. Give n(1).
-38
Let j(a) = 2*a**3 - 7*a**2 + 9*a - 4. Determine j(3).
14
Let w(i) = 4*i**3 + 2*i**2 + i + 4. Calculate w(-2).
-22
Let w(m) = m**3 + 11*m**2 + 22*m - 2. Determine w(-3).
4
Let l(v) = -v. Determine l(0).
0
Let z(j) = -21*j - 2. What is z(-3)?
61
Let l(g) = -3*g**3 + 2*g**2 - 4*g - 5. Determine l(-1).
4
Let d(t) = -t**3 - t**2 - 2*t + 3. Determine d(0).
3
Let l(y) = y**2 + 30*y + 14. Determine l(-29).
-15
Let c(n) = -n**3 + 34*n**2 - 63*n - 21. Give c(32).
11
Let w(s) = -s**3 - 13*s**2 - 10*s - 130. Give w(-13).
0
Let b(g) = -g**3 - 4*g**2 - 8*g - 3. Determine b(-6).
117
Let z(q) = -q**3 + 7*q**2 + 6*q + 17. Give z(8).
1
Let k(a) = 110*a**3 - a**2 + 2*a + 1. Determine k(-1).
-112
Let s(i) = -i**3 + 38*i**2 + 78*i + 78. Determine s(40).
-2
Let t(p) = p**3 - 16*p**2 - 16*p + 1. Give t(17).
18
Let w(r) = r**3 - r**2 - 32. What is w(0)?
-32
Let v(p) = p - 6. Give v(1).
-5
Let y(b) = 14*b + 38. Calculate y(-8).
-74
Let a(o) = o**2 - 7*o - 5. Give a(9).
13
Let r(v) = v**2 + 8. Give r(-6).
44
Let d(r) = -3*r**3 - 12*r**2 + 16*r - 7. Calculate d(-5).
-12
Let m(i) = 25*i + 100. What is m(-4)?
0
Let v(b) = -8*b + 40. Calculate v(6).
-8
Let w(f) = -f**2 + 13*f - 29. Give w(9).
7
Let x(z) = 2*z**2 - 10*z - 6. What is x(6)?
6
Let s(g) = 8*g**3 + 2*g**2 - g + 2. Calculate s(2).
72
Let o(k) = 15*k**2 + 5*k - 6. What is o(1)?
14
Let a(b) = 2*b**2 + 14*b + 8. What is a(-7)?
8
Let w(h) = 57*h**2 + h. Determine w(-1).
56
Let g(z) = -14*z**3 - 2*z**2 - z. Give g(-1).
13
Let r(w) = w**2 + 5*w + 4. Calculate r(-3).
-2
Let p(l) = l**2 - 23*l + 28. What is p(21)?
-14
Let v(l) = l + 21. What is v(-33)?
-12
Let v(x) = -10*x + 34. Calculate v(-8).
114
Let z(b) = b**3 - b**2 - 42*b - 8. Determine z(7).
-8
Let q(b) = -b**3 - b**2 + 2*b + 2. Calculate q(0).
2
Let f(v) = -v**2 - 3*v - 3. What is f(-5)?
-13
Let v(h) = -2*h**3 - h**2 + 2*h + 3. Determine v(-2).
11
Let q(i) = -5*i - 115. Give q(-22).
-5
Let a(x) = -x**3 + 7*x**2 - x + 11. Determine a(7).
4
Let u(m) = 21*m + 365. Calculate u(-17).
8
Let h(a) = a + 10. What is h(-6)?
4
Let k(y) = 2*y + 15. What is k(-14)?
-13
Let v(s) = 5*s**3 - 13*s**2 + 3*s + 2. Calculate v(2).
-4
Let p(g) = 3*g + 9. Determine p(1).
12
Let j(h) = -3*h**2 + 8*h - 14. Give j(4).
-30
Let l(j) = 4*j + 8. Give l(5).
28
Let j(t) = -4*t + 5. Give j(-13).
57
Let n(y) = -4*y - 9. Give n(-6).
15
Let v(n) = 9*n**3 - 4*n**2 + 7*n + 1. What is v(3)?
229
Let d(o) = -o**3 - 2*o**2 + 38*o - 3. What is d(5)?
12
Let a(p) = p**2 - 10*p + 24. Determine a(0).
24
Let q(j) = -2*j + 14. Calculate q(8).
-2
Let s(m) = m**2 + 12*m - 69. Calculate s(-16).
-5
Let k(x) = -8*x**2 + 3*x + 3. Determine k(-1).
-8
Let w(l) = l**2 - 2*l + 3. Give w(-3).
18
Let t(z) = -z**3 - 4*z**2 + 29*z + 100. Determine t(-3).
4
Let f(j) = -13*j. Determine f(-3).
39
Let j(t) = -2*t**2 + 40*t - 39. Calculate j(19).
-1
Let h(b) = 3*b + 91. What is h(-29)?
4
Let n(c) = -c**3 - 9*c**2 + 2*c + 1. Determine n(-9).
-17
Let p(y) = -y**3 - 7*y**2 - 7*y - 2. Calculate p(-6).
4
Let y(f) = f**2 + 4*f - 8. Calculate y(-6).
4
Let l(g) = g + 14. Calculate l(-12).
2
Let w(k) = -5*k + 17. What is w(5)?
-8
Let y(u) = u**3 + 7*u**2 - 32*u - 20. Give y(-10).
0
Let a(l) = -2*l**2 - 4*l + 2. Give a(3).
-28
Let y(z) = 9*z - 3. Calculate y(-3).
-30
Let q(p) = 5*p - 35. Give q(10).
15
Let s(l) = -39*l**3 - l - 1. Give s(-1).
39
Let k(o) = 29*o**2 + o + 1. Give k(-1).
29
Let y(d) = -d**2 - 8*d - 9. Calculate y(-8).
-9
Let z(y) = y**2 - 22*y + 86. Calculate z(17).
1
Let l(q) = 17*q - 16. Give l(-5).
-101
Let z(j) = -j**3 + 17*j**2 + 2*j + 8. Determine z(17).
42
Let j(n) = n**3 + 6*n**2 + 5*n + 3. What is j(-5)?
3
Let n(f) = -6*f - 85. What is n(-14)?
-1
Let w(l) = 2*l**2 - 3*l - 48. Calculate w(0).
-48
Let x(f) = 12*f - 5. Give x(-4).
-53
Let i(n) = 64*n**2 + 6*n. Give i(-1).
58
Let z(n) = n**3 - 7*n**2 + 9*n - 13. What is z(6)?
5
Let f(r) = r**3 + 18*r**2 - 62*r + 26. What is f(-21)?
5
Let p(s) = -3*s**2 + 25*s + 19. Give p(9).
1
Let v(s) = -s**2 + 25*s - 152. Calculate v(15).
-2
Let p(f) = f**3 - 5*f**2 + f + 3. Determine p(6).
45
Let n(k) = 2*k**2 - 17*k + 45. Give n(2).
19
Let f(l) = 4*l**2 - 3*l - 6. What is f(-3)?
39
Let u(k) = k**2 - 5*k + 10. Determine u(4).
6
Let d(q) = q**3 - 5*q - 3. Give d(-3).
-15
Let v(a) = 2*a + 57. Determine v(-29).
-1
Let j(x) = -x**3 - 8*x**2 + 7*x + 12. What is j(-8)?
-44
Let f(w) = 2*w**3 - 3*w**2 + 2*w - 7. Calculate f(4).
81
Let n(b) = -5*b**2 + 3*b + 2. Give n(-1).
-6
Let a(s) = -s**3 + 14*s**2 - 2*s + 9. Give a(14).
-19
Let z(x) = x**2 + 5*x - 4. Give z(3).
20
Let l(j) = -5*j - 17. Calculate l(-4).
3
Let u(s) = 4*s**3 - 3*s**2 - s + 2. Determine u(2).
20
Let z(f) = f**2 + 26*f + 60. Calculate z(-23).
-9
Let x(u) = u**3 - 6*u**2 + 7*u + 10. Give x(4).
6
Let y(m) = m**2 - 17*m - 18. Determine y(18).
0
Let h(j) = -9*j + 4. What is h(5)?
-41
Let b(p) = -p**3 + 6*p**2 - 8*p - 1. Calculate b(5).
-16
Let x(f) = -13*f + 157. Determine x(12).
1
Let d(h) = h**3 - 6*h**2 - 2*h + 10. What is d(6)?
-2
Let b(g) = -g**3 + 9*g**2 + 3*g - 3. Determine b(7).
116
Let o(j) = 2*j**3 - 2*j**2 - j + 4. Calculate o(-2).
-18
Let m(x) = 5*x**2 + 5*x + 4. What is m(-3)?
34
Let w(y) = -13*y + 30. What is w(9)?
-87
Let b(r) = -6*r**2 + 1. What is b(-1)?
-5
Let t(r) = -4*r**3 + 3*r**2 - 3*r + 1. What is t(1)?
-3
Let i(n) = n**2 - 2*n - 72. What is i(10)?
8
Let p(a) = -6*a**3 + 3*a**2 - 2*a + 1. Calculate p(1).
-4
Let c(s) = 140*s + 280. Calculate c(-2).
0
Let c(y) = -13*y + 179. Determine c(14).
-3
Let y(n) = -n**2 + 10*n - 7. What is y(8)?
9
Let w(t) = -12*t - 357. Calculate w(-27).
-33
Let g(n) = 6*n**2 + 3. Give g(-2).
27
Let b(l) = -3*l + 14. Determine b(1).
11
Let q(j) = 2*j**2 + 7*j + 5. Determine q(-4).
9
Let r(g) = -g**3 - 11*g**2 - g + 1. What is r(-11)?
12
Let j(p) = -p**2 - 22*p + 67. What is j(-25)?
-8
Let a(j) = j**3 - j**2 - 16*j + 4. Give a(5).
24
Let i(y) = -10*y + 44.